he tens digit of (6/(-4))/(v/(-616))?
4
Suppose 41*p - 310 = 36*p. What is the tens digit of p?
6
Suppose 0*u = 3*u + 4*i - 28, i - 17 = -2*u. What is the units digit of u?
8
Suppose 2*q - r + 0*r = 0, -5*r = 0. Suppose q = m - 4*m - 12. Let p = m - -5. What is the units digit of p?
1
Let h = 16 - 31. Suppose 2*u = -u + 81. Let c = h + u. What is the tens digit of c?
1
Let g = -18 - -21. Let r = 14 + g. What is the units digit of r?
7
Suppose -6*i - 25 = -o - 2*i, 2*i = 4*o - 30. Suppose -o*g = -3*g - 20. What is the units digit of g?
0
Let v = 8 + -6. Suppose v*a - 27 = -3. What is the tens digit of a?
1
Let x = -13 + 44. What is the units digit of x?
1
Let f = 264 - 186. What is the units digit of f?
8
Suppose 5*z + 15 = 3*j - 20, 2*j + 10 = -5*z. Suppose 2 + 1 = -3*v. Let u = v - z. What is the units digit of u?
3
Let q(c) be the second derivative of -c**5/60 + 5*c**4/24 + 4*c**3/3 - c**2 + 2*c. Let f(z) be the first derivative of q(z). What is the units digit of f(6)?
2
Let o be ((-330)/40)/(3/(-8)). Let j = -5 + o. What is the units digit of j?
7
Let w be 6/27 - (-277)/9. Suppose w - 2 = f. Suppose v - 2*o - 28 = -5*o, -2*o = -3*v + f. What is the units digit of v?
3
Let h = -15 + 10. Let l(v) = -v**2 - 3*v - 2. Let y be l(-3). What is the units digit of 34/(-6)*(h - y)?
7
Let k = 8 - 5. What is the tens digit of (-2 - (-52 + k)) + -4?
4
Let p(m) = -8*m - 30. What is the hundreds digit of p(-20)?
1
What is the tens digit of (-4069)/13*(-3 - -2)?
1
Let u be -15*(-1)/(-1 + 4). Let f = 35 + -24. Suppose 0 = u*l + 4*y - 55 + 16, 0 = 2*l - 3*y - f. What is the units digit of l?
7
Let c(q) = 7*q + 256. What is the units digit of c(0)?
6
Suppose 3*a = -5*n - 2*a + 30, 0 = 3*a - 15. Suppose -9*v = -8*v - n. What is the units digit of v?
1
Let q be 111/9 - (-4)/6. Suppose 3*p + 3 = 3*m, 0*p - 3*p - 5*m + q = 0. What is the units digit of p?
1
What is the tens digit of ((-5)/10)/(3/(-84))?
1
Suppose -u + 3*w - w = -13, 5*u + 4*w - 51 = 0. Let s = u + -5. Let j = s - 3. What is the units digit of j?
3
Let f(g) be the first derivative of g**3 - 3*g**2 - 2*g - 3. Let m(v) be the first derivative of f(v). What is the tens digit of m(4)?
1
Let k be (28/(-6))/((-2)/(-6)). What is the units digit of 7/(k/(-30)) + 2?
7
Let l(s) be the first derivative of s**4/4 + 5*s**3/3 - 3*s + 1. Let g = -72 + 68. What is the tens digit of l(g)?
1
Suppose 2*f - 13 = 3*f. What is the tens digit of -2*(f + 1 - 2)?
2
What is the hundreds digit of 102 - 3/(4 + -1)?
1
Let t(o) = -7*o + 3. Let i be t(-5). Suppose i = c + c. What is the tens digit of c?
1
Suppose 0 = 57*o - 52*o - 5. What is the units digit of o?
1
Let b be (1/2)/((-5)/(-40)). Suppose -b*o + 219 = 5*n, 3*n = o + 106 + 39. What is the tens digit of n?
4
Let s = -23 + 31. What is the units digit of s?
8
What is the tens digit of (-279)/(-8) - (-3)/24?
3
Suppose 0 = -3*j - 2*v + 7, 0 = -3*v + 3 - 6. Let t be -12*(-1 - 6/(-9)). Let r = t + j. What is the units digit of r?
7
What is the units digit of (50 + -2)/((-12)/(-8))?
2
Suppose -l + 5 = 11. Let d(o) = o**3 + 5*o**2 - 12*o + 4. What is the units digit of d(l)?
0
Suppose 7*h - 63 = 4*h. What is the units digit of (-6)/h - (-594)/21?
8
Suppose 4*f + 6 = j, 0 = -j - 4*f - 0*f - 2. What is the units digit of j*(-1 + 1 + 1)?
2
Suppose 5*p - 23 = 7. Suppose 3*j - 33 = -3*l, 4*j + 42 = l + p. What is the units digit of l?
6
Let c(f) = f**3 - 5*f**2 + 4*f - 7. Let v be c(5). Suppose v = -0*p + p. What is the tens digit of p?
1
Let f be ((-2)/(-5))/((-2)/(-10)). Suppose -2 = v - 2*p, f*v - 2 = 5*p - 11. What is the units digit of v?
8
Suppose -4*j = 4*w - 300 - 4, 223 = 3*w - 2*j. Suppose -5*q = -5*i - w, q = 4*i - 8*i. What is the units digit of q?
2
Let k(g) = -g**3 + 5*g**2 + 6*g + 1. Suppose 4*s - 8 - 16 = 0. What is the units digit of k(s)?
1
Suppose 0*m = 3*m. Let k(p) = p**2 + 2. Let w be k(m). Suppose w*s + l = 22, -43 = -4*s + s - 4*l. What is the units digit of s?
9
Let z = 6 - 6. Suppose z*u = -u + 11. What is the tens digit of u?
1
Suppose -6*n - 5*u = -4*n - 73, -4*u - 104 = -4*n. What is the units digit of n?
9
Let g be 2/4*20/(-2). Let u be g + 0*2/6. What is the units digit of u/((-10)/(-4)) - -9?
7
What is the units digit of (20/(-8) - -2)*-4?
2
Suppose -4*s + 25 = -179. What is the tens digit of s?
5
Suppose 0 = 2*u - 7*o + 2*o - 28, 2*u - 2*o - 28 = 0. What is the tens digit of u?
1
Let s = 37 - -8. What is the tens digit of s?
4
Let y = 207 - 117. Let v = -63 + y. What is the units digit of v?
7
Let p(j) = j**3 - 36*j**2 - 28*j + 4. What is the hundreds digit of p(37)?
3
Let d = -8 - -11. Suppose -2*o = -a - 3*o + 4, -2 = 2*a - d*o. What is the units digit of a?
2
Let v = 7 + -3. Suppose 0 = v*d - d - 15. Suppose d*o - 9 = 2*o. What is the units digit of o?
3
Let p(v) = 2*v + 11. Let k be p(-8). Let l = k - -8. Let c = l + -2. What is the units digit of c?
1
Suppose -r - 4*r + 175 = 0. What is the tens digit of r?
3
Let z(b) = b**3 + 5*b**2 - b - 5. Let d be z(-4). Suppose 5*h = 2*h + d. Suppose 5*l - 42 = -4*f - h, 10 = 2*l. What is the units digit of f?
3
Suppose -12 - 13 = 5*r. Let s(j) = -j**3 - 4*j**2 + 5*j + 1. Let b be s(r). Suppose 3*w = -2*y + 7, -5*y + b = -2*w - 26. What is the units digit of y?
5
What is the hundreds digit of (-592)/3*(-12)/8*1?
2
Let z(i) = i - 2. Let o be z(3). Let u be 6/o + (-12)/4. Suppose -w - 2*c + 20 = u*c, 5*c = 5. What is the tens digit of w?
1
What is the tens digit of 3 + -2 + (10 - -115)?
2
Let a = 11 - 6. Let x be a - (3 - (1 + 0)). Suppose -x*y = y - 4. What is the units digit of y?
1
Let u be 1*(3/3 + -1). Suppose -2*l + 6*l = 2*w + 36, u = -2*l - 4*w + 38. Let f = -9 + l. What is the units digit of f?
2
Let j be (-32)/(-16)*(-159)/(-2). Suppose 0 = -2*z - 2*n + 32 + 74, 3*z = -n + j. What is the tens digit of z?
5
Let p be (10/(-3))/(4/(-6)). Suppose 0 = -p*v + 2*w + 25, v - 2*w = w + 5. Suppose g - 6 + v = 0. What is the units digit of g?
1
Let v = 5 - 2. Suppose 5*y + 2*i = 8, -3 = -3*y + i - 4*i. Suppose -v = -d + y. What is the units digit of d?
5
Let g = 12 + 10. Let l = g + -13. What is the units digit of 12*(24/l + -2)?
8
Let c = -97 + 97. Suppose 3*d = 2*d + 7. Let q = c + d. What is the units digit of q?
7
What is the tens digit of (-1376)/(-14) + 4/(-14)?
9
Suppose 4*c - z + 3 = 19, -19 = -5*c + z. What is the units digit of (-20)/c*6/(-4)?
0
Let r(g) = -g**3 - 5*g**2 + 5*g - 4. Let o be r(-6). Let t(j) = -j**3 + 3*j**2 - 2*j + 3. What is the units digit of t(o)?
3
Let r = 85 + 11. What is the units digit of r?
6
Suppose -3*t = -7*t + 60. What is the units digit of t?
5
Let s(c) = -c**3 + 3*c**2 - 2*c - 1. Let a be s(2). Let l = a + 4. Suppose -4*y + 3*r - 11 = 0, 5*y - 5*r = l*y - 23. What is the units digit of y?
1
Let z = 338 + -189. What is the units digit of z?
9
Suppose 0*m + 12 = 4*m. Suppose u = -1 + m. Suppose 0 = u*l - l - 7. What is the units digit of l?
7
Let g = 5 - 0. Suppose g*j = 87 - 17. What is the tens digit of j?
1
Suppose 23*f - 20*f - 156 = 0. What is the tens digit of f?
5
Suppose 2*n + 2*i - 42 = 0, -18 = -0*n - n - 4*i. Suppose -p - w = 2*w - 2, 2*w + n = 4*p. What is the units digit of p?
5
Let l(b) = -b**2 - 2*b + 2. Let k be l(-4). Let r = k + 12. What is the units digit of r?
6
Let n(p) = 2*p + 4. Let c be n(-2). Suppose -96 = -c*w - 4*w. What is the tens digit of w?
2
Suppose -6*n + 2*n = -168. What is the units digit of n?
2
Suppose 2 = v - 1. Suppose b = v + 27. What is the units digit of b?
0
Suppose 0 = -3*g - 0 + 15. Suppose -q + 69 = 4*c, -4*q - 49 = -4*c - g. What is the tens digit of c?
1
Suppose 0 = -5*k - 3*w - 5, 7*w - 3*w + 30 = 5*k. Let v(q) = 6*q + q - 8*q**k + 4*q**3 - 3*q**3 + 8. What is the units digit of v(7)?
8
Let s = -346 + 658. What is the units digit of s?
2
Let m = 17 + 2. What is the units digit of m?
9
Let f(j) = j**3 + 8*j**2 - 3*j - 3. Let v be f(-8). Let n = 5 - v. Let q = -10 - n. What is the units digit of q?
6
Let s = -4 + 3. Suppose -6 = -2*c - 2*y, -5 = c + 4*y + 1. Let r = c - s. What is the units digit of r?
7
Suppose 0 = 24*r - 22*r - 210. What is the hundreds digit of r?
1
Suppose -15*y + 16*y - 27 = 0. What is the units digit of y?
7
Let w(a) = -a**3 - 24*a**2 - a + 12. Let n be w(-24). Let d(f) = -f**2 - 3*f + 4. Let r 